a4 (base 12) to base 16
-22cc
-3a6884 (base 11) to base 4
-2123322101
What is -450034 (base 7) in base 15?
-1873d
Convert 111100110111101 (base 2) to base 12.
16051
-2298a7 (base 16) to base 11
-1309505
What is -1011202132 (base 4) in base 14?
-75b30
What is -21073516 (base 9) in base 3?
-201002110120120
What is -2105451 (base 7) in base 13?
-8b836
-11431423344 (base 5) to base 16
-ceb002
Convert 1011100011010101000 (base 2) to base 11.
239444
-24d22 (base 14) to base 8
-260422
What is 1521652 (base 10) in base 6?
52340404
What is 1fdd9c (base 16) in base 6?
112432140
What is -1023204410 (base 5) in base 13?
-5a9759
-21100022022 (base 3) to base 6
-3033142
What is -23437 (base 16) in base 9?
-240117
Convert 44351767 (base 8) to base 16.
91d3f7
-695592 (base 13) to base 16
-2618f4
What is -4602a (base 15) in base 2?
-110110011001000110
Convert 100011010101011010100110 (base 2) to base 7.
141506061
Convert 822638 (base 14) to base 13.
ba7563
445140302 (base 6) to base 8
36656116
What is 1116a31 (base 12) in base 15?
4481b7
What is -1101010100010101100 (base 2) in base 12?
-190664
Convert -14326d (base 14) to base 11.
-439094
What is 17063 (base 9) in base 10?
11721
What is 120222000121 (base 3) in base 8?
1145547
What is -3640366 (base 10) in base 13?
-9a5c82
22341310 (base 5) to base 13
6cac4
What is e17ba (base 16) in base 6?
31443454
Convert 5403602 (base 7) to base 10.
656798
What is -10ca42b (base 14) in base 4?
-132211231213
What is 156974 (base 11) in base 6?
5114524
What is -156766 (base 12) in base 4?
-1120312332
2111202002010 (base 3) to base 11
830890
2256464 (base 7) to base 11
183870
100111352 (base 6) to base 9
3153835
Convert 11233011 (base 4) to base 16.
5bc5
Convert -30243104 (base 7) to base 12.
-a13495
Convert 11101110111100110010 (base 2) to base 5.
222304423
-3212015 (base 6) to base 14
-4144b
What is -14452435 (base 7) in base 16?
-14f848
Convert -19dc40 (base 16) to base 4.
-12131301000
-11443 (base 5) to base 10
-873
What is -13d509b (base 15) in base 6?
-1231234532
What is 100400 (base 5) in base 14?
1265
What is -154153435 (base 6) in base 3?
-20011200200012
What is -7f23c (base 16) in base 4?
-1333020330
-46413150 (base 7) to base 12
-1443960
What is -1bb628 (base 13) in base 12?
-2a3333
-2265 (base 13) to base 14
-1a7d
Convert -140202050 (base 6) to base 16.
-2af58e
Convert -112102102201110 (base 3) to base 16.
-74f64f
254610 (base 13) to base 4
3122203212
What is -337857 (base 10) in base 8?
-1223701
-4b2b97 (base 13) to base 6
-102411452
Convert 10000110111100111 (base 2) to base 13.
255b0
124341 (base 9) to base 3
10211101101
386761 (base 9) to base 4
321102013
What is -1625232 (base 10) in base 11?
-a10074
464292 (base 14) to base 9
4446868
Convert 2301351 (base 6) to base 16.
1c903
-10110110100110010001 (base 2) to base 8
-2664621
What is -13377463 (base 8) in base 3?
-12200011001100
200216 (base 8) to base 9
110075
What is -33685740 (base 9) in base 15?
-1680a90
What is 6010460 (base 8) in base 11?
988027
What is 24025150 (base 7) in base 16?
2069fb
Convert -5269 (base 16) to base 3.
-1001221101
Convert 3232030 (base 7) to base 12.
170347
Convert -11022202212101 (base 3) to base 4.
-20301021013
Convert 1d799 (base 16) to base 12.
59a49
What is 40003221 (base 7) in base 8?
14444122
What is 17547b8 (base 12) in base 5?
2214331143
What is -10322000 (base 4) in base 15?
-5e4b
1046010 (base 9) to base 7
4530453
Convert 13010301322 (base 4) to base 6.
103430014
What is 8953 (base 10) in base 3?
110021121
-282a9b8 (base 13) to base 15
-11ae56b
-450176 (base 9) to base 8
-1015537
Convert -785911 (base 10) to base 12.
-31a987
Convert 24584 (base 14) to base 6.
1523332
What is 13130042 (base 5) in base 6?
2441542
Convert 4bb15 (base 12) to base 3.
12021001022
What is -136357 (base 11) in base 14?
-57a9b
What is 4148 (base 15) in base 7?
55133
What is -35574 (base 14) in base 2?
-11111110000000010
-434342024 (base 5) to base 13
-506b08
-1034413334 (base 6) to base 7
-163444165
Convert 1021121020 (base 3) to base 16.
6288
-135b195 (base 12) to base 7
-44525210
Convert 34407623 (base 9) to base 7.
262042041
-5186504 (base 9) to base 8
-12451025
-20110221001110 (base 3) to base 4
-31020212202
What is 2085552 (base 12) in base 10?
6147278
Convert 1003220 (base 5) to base 3.
211000211
What is 2591d0 (base 14) in base 7?
13663050
Convert e46d (base 16) to base 12.
29a11
What is -4414756 (base 9) in base 16?
-2431d7
What is b7342 (base 14) in base 4?
1230000332
What is -33444102 (base 7) in base 12?
-b7b373
What is -30a58a (base 12) in base 6?
-24215454
-3652340 (base 8) to base 9
-1801248
Convert -2a11179 (base 11) to base 15.
-6c1be1
What is 324987 (base 14) in base 16?
19fcfb
-2045535 (base 6) to base 2
-11000010111000011
-4de8e (base 16) to base 3
-121012202012
Convert -460404 (base 8) to base 9.
-256771
1322020303 (base 4) to base 2
1111010001000110011
Convert -123211101 (base 4) to base 2.
-11011100101010001
What is -1212221110101 (base 3) in base 8?
-3646325
Convert -111011000101001011110011 (base 2) to base 8.
-73051363
What is 7b4783 (base 13) in base 14?
5614b2
-13212331 (base 4) to base 16
-79bd
237cc (base 15) to base 2
11011100111110110
What is 33112310 (base 4) in base 9?
105248
Convert 1001103102 (base 4) to base 2.
1000001010011010010
2396430 (base 10) to base 9
4452250
149608 (base 14) to base 13
1c16a2
What is -130202424 (base 5) in base 15?
-c7229
100110000000000101011 (base 2) to base 15
198e52
What is -101120000233 (base 4) in base 11?
-26310a7
What is 65252 (base 8) in base 2?
110101010101010
2a6c1e (base 16) to base 9
5206630
What is -310303202 (base 4) in base 3?
-101222200202
Convert 11011001011110001 (base 2) to base 7.
642423
Convert -352531 (base 8) to base 3.
-20002211010
Convert 545065 (base 9) to base 10.
325193
Convert 10a81b8 (base 13) to base 9.
10578420
Convert 2517646 (base 9) to base 16.
14e8cf
73aa0 (base 13) to base 2
110010110111010010
What is -772583 (base 9) in base 3?
-212102122210
What is 22011012001101 (base 3) in base 6?
232520314
What is 14030333 (base 5) in base 7?
1132503
What is 1631404 (base 7) in base 14?
5c63b
220102112111100 (base 3) to base 15
1216643
Convert 345277 (base 9) to base 4.
302212210
What is -14a572 (base 12) in base 16?
-556a6
2a2899 (base 16) to base 13
759772
What is -2a30911 (base 11) in base 13?
-1100338
aa6aa3 (base 11) to base 7
21004233
What is -e1321d (base 15) in base 6?
-1021102114
-31723b (base 12) to base 6
-24413315
Convert 183177 (base 9) to base 13.
3caa8
Convert -11102001110122 (base 3) to base 13.
-6407c6
1a562 (base 14) to base 16
1056a
What is -1010422224 (base 5) in base 4?
-13303112002
Convert -207887 (base 11) to base 4.
-1101023002
Convert 43140141 (base 6) to base 5.
311211413
4651287 (base 10) to base 12
1683873
317874 (base 12) to base 11
4934a8
Convert -222001102 (base 3) to base 16.
-4a30
1000111012111221 (base 3) to base 10
14608807
Convert 3d048 (base 15) to base 5.
22231233
-110100100001110111011 (base 2) to base 8
-6441673
What is -503969 (base 10) in base 7?
-4166204
-111101100110101011100 (base 2) to base 4
-13230311130
Convert 1334304 (base 6) to base 7.
431134
What is 11011000100001010 (base 2) in base 11?
76320
55240424 (base 6) to base 7
20025511
What is 2110101012222 (base 3) in base 9?
2411188
What is 6711853 (base 9) in base 12?
1261133
974406 (base 10) to base 12
3aba86
-110034001 (base 6) to base 10
-1964305
Convert 11165326 (base 7) to base 5.
222134122
605022 (base 7) to base 3
12012201000
-12078378 (base 9) to base 12
-1b85198
What is -10267e2 (base 16) in base 8?
-100463742
Convert 1010110111001111 (base 2) to base 7.
243503
d9a6 (base 14) to base 7
214366
What is 94193 (base 15) in base 12?
1a7840
What is 110110100000011 (base 2) in base 13?
c919
What is 1887b (base 14) in base 5?
3441140
-40136426 (base 7) to base 9
-6220725
1320332023 (base 4) to base 16
78f8b
-31104502 (base 6) to base 5
-212122121
What is 14220341 (base 5) in base 16?
242fd
-143302401 (base 5) to base 15
-100186
What is 55c313 (base 13) in base 5?
1004314112
-2555204 (base 7) to base 8
-1212543
20a080 (base 11) to base 2
1010001111010001100
-435560 (base 7) to base 11
-52475
Convert -13a3a1 (base 12) to base 16.
-504a9
-2212105 (base 6) to 